{"id":15,"date":"2022-09-21T22:24:49","date_gmt":"2022-09-21T20:24:49","guid":{"rendered":"http:\/\/woprzyrardow.pl\/?page_id=15"},"modified":"2025-04-05T18:38:33","modified_gmt":"2025-04-05T16:38:33","slug":"blog","status":"publish","type":"page","link":"https:\/\/woprzyrardow.pl\/?page_id=15","title":{"rendered":"Aktualno\u015bci"},"content":{"rendered":"\n<p class=\"has-text-align-center\"><\/p>\n","protected":false},"excerpt":{"rendered":"","protected":false},"author":2,"featured_media":0,"parent":12,"menu_order":0,"comment_status":"closed","ping_status":"closed","template":"","meta":{"footnotes":""},"class_list":["post-15","page","type-page","status-publish","hentry"],"yoast_head":"<!-- This site is optimized with the Yoast SEO plugin v25.7 - https:\/\/yoast.com\/wordpress\/plugins\/seo\/ -->\n<title>Aktualno\u015bci - WOPR \u017cyrard\u00f3w<\/title>\n<meta name=\"robots\" content=\"index, follow, max-snippet:-1, max-image-preview:large, max-video-preview:-1\" \/>\n<link rel=\"canonical\" href=\"https:\/\/woprzyrardow.pl\/?page_id=15\" \/>\n<meta property=\"og:locale\" content=\"pl_PL\" \/>\n<meta property=\"og:type\" content=\"article\" \/>\n<meta property=\"og:title\" content=\"Aktualno\u015bci - WOPR \u017cyrard\u00f3w\" \/>\n<meta property=\"og:url\" content=\"https:\/\/woprzyrardow.pl\/?page_id=15\" \/>\n<meta property=\"og:site_name\" content=\"WOPR \u017cyrard\u00f3w\" \/>\n<meta property=\"article:modified_time\" content=\"2025-04-05T16:38:33+00:00\" \/>\n<meta name=\"twitter:card\" content=\"summary_large_image\" \/>\n<script type=\"application\/ld+json\" class=\"yoast-schema-graph\">{\"@context\":\"https:\/\/schema.org\",\"@graph\":[{\"@type\":[\"WebPage\",\"CollectionPage\"],\"@id\":\"https:\/\/woprzyrardow.pl\/?page_id=15\",\"url\":\"https:\/\/woprzyrardow.pl\/?page_id=15\",\"name\":\"Aktualno\u015bci - WOPR \u017cyrard\u00f3w\",\"isPartOf\":{\"@id\":\"https:\/\/woprzyrardow.pl\/#website\"},\"datePublished\":\"2022-09-21T20:24:49+00:00\",\"dateModified\":\"2025-04-05T16:38:33+00:00\",\"breadcrumb\":{\"@id\":\"https:\/\/woprzyrardow.pl\/?page_id=15#breadcrumb\"},\"inLanguage\":\"pl-PL\"},{\"@type\":\"BreadcrumbList\",\"@id\":\"https:\/\/woprzyrardow.pl\/?page_id=15#breadcrumb\",\"itemListElement\":[{\"@type\":\"ListItem\",\"position\":1,\"name\":\"Home\",\"item\":\"https:\/\/woprzyrardow.pl\/\"},{\"@type\":\"ListItem\",\"position\":2,\"name\":\"Aktualno\u015bci\"}]},{\"@type\":\"WebSite\",\"@id\":\"https:\/\/woprzyrardow.pl\/#website\",\"url\":\"https:\/\/woprzyrardow.pl\/\",\"name\":\"WOPR \u017cyrard\u00f3w\",\"description\":\"WOPR \u017cyrard\u00f3w\",\"publisher\":{\"@id\":\"https:\/\/woprzyrardow.pl\/#organization\"},\"inLanguage\":\"pl-PL\"},{\"@type\":\"Organization\",\"@id\":\"https:\/\/woprzyrardow.pl\/#organization\",\"name\":\"WOPR \u017cyrard\u00f3w\",\"url\":\"https:\/\/woprzyrardow.pl\/\",\"logo\":{\"@type\":\"ImageObject\",\"inLanguage\":\"pl-PL\",\"@id\":\"https:\/\/woprzyrardow.pl\/#\/schema\/logo\/image\/\",\"url\":\"https:\/\/woprzyrardow.pl\/wp-content\/uploads\/2022\/09\/LOGO.png\",\"contentUrl\":\"https:\/\/woprzyrardow.pl\/wp-content\/uploads\/2022\/09\/LOGO.png\",\"width\":901,\"height\":901,\"caption\":\"WOPR \u017cyrard\u00f3w\"},\"image\":{\"@id\":\"https:\/\/woprzyrardow.pl\/#\/schema\/logo\/image\/\"}}]}<\/script>\n<!-- \/ Yoast SEO plugin. -->","yoast_head_json":{"title":"Aktualno\u015bci - WOPR \u017cyrard\u00f3w","robots":{"index":"index","follow":"follow","max-snippet":"max-snippet:-1","max-image-preview":"max-image-preview:large","max-video-preview":"max-video-preview:-1"},"canonical":"https:\/\/woprzyrardow.pl\/?page_id=15","og_locale":"pl_PL","og_type":"article","og_title":"Aktualno\u015bci - WOPR \u017cyrard\u00f3w","og_url":"https:\/\/woprzyrardow.pl\/?page_id=15","og_site_name":"WOPR \u017cyrard\u00f3w","article_modified_time":"2025-04-05T16:38:33+00:00","twitter_card":"summary_large_image","schema":{"@context":"https:\/\/schema.org","@graph":[{"@type":["WebPage","CollectionPage"],"@id":"https:\/\/woprzyrardow.pl\/?page_id=15","url":"https:\/\/woprzyrardow.pl\/?page_id=15","name":"Aktualno\u015bci - WOPR \u017cyrard\u00f3w","isPartOf":{"@id":"https:\/\/woprzyrardow.pl\/#website"},"datePublished":"2022-09-21T20:24:49+00:00","dateModified":"2025-04-05T16:38:33+00:00","breadcrumb":{"@id":"https:\/\/woprzyrardow.pl\/?page_id=15#breadcrumb"},"inLanguage":"pl-PL"},{"@type":"BreadcrumbList","@id":"https:\/\/woprzyrardow.pl\/?page_id=15#breadcrumb","itemListElement":[{"@type":"ListItem","position":1,"name":"Home","item":"https:\/\/woprzyrardow.pl\/"},{"@type":"ListItem","position":2,"name":"Aktualno\u015bci"}]},{"@type":"WebSite","@id":"https:\/\/woprzyrardow.pl\/#website","url":"https:\/\/woprzyrardow.pl\/","name":"WOPR \u017cyrard\u00f3w","description":"WOPR \u017cyrard\u00f3w","publisher":{"@id":"https:\/\/woprzyrardow.pl\/#organization"},"inLanguage":"pl-PL"},{"@type":"Organization","@id":"https:\/\/woprzyrardow.pl\/#organization","name":"WOPR \u017cyrard\u00f3w","url":"https:\/\/woprzyrardow.pl\/","logo":{"@type":"ImageObject","inLanguage":"pl-PL","@id":"https:\/\/woprzyrardow.pl\/#\/schema\/logo\/image\/","url":"https:\/\/woprzyrardow.pl\/wp-content\/uploads\/2022\/09\/LOGO.png","contentUrl":"https:\/\/woprzyrardow.pl\/wp-content\/uploads\/2022\/09\/LOGO.png","width":901,"height":901,"caption":"WOPR \u017cyrard\u00f3w"},"image":{"@id":"https:\/\/woprzyrardow.pl\/#\/schema\/logo\/image\/"}}]}},"featured_media_urls":[],"_links":{"self":[{"href":"https:\/\/woprzyrardow.pl\/index.php?rest_route=\/wp\/v2\/pages\/15","targetHints":{"allow":["GET"]}}],"collection":[{"href":"https:\/\/woprzyrardow.pl\/index.php?rest_route=\/wp\/v2\/pages"}],"about":[{"href":"https:\/\/woprzyrardow.pl\/index.php?rest_route=\/wp\/v2\/types\/page"}],"author":[{"embeddable":true,"href":"https:\/\/woprzyrardow.pl\/index.php?rest_route=\/wp\/v2\/users\/2"}],"replies":[{"embeddable":true,"href":"https:\/\/woprzyrardow.pl\/index.php?rest_route=%2Fwp%2Fv2%2Fcomments&post=15"}],"version-history":[{"count":29,"href":"https:\/\/woprzyrardow.pl\/index.php?rest_route=\/wp\/v2\/pages\/15\/revisions"}],"predecessor-version":[{"id":1186,"href":"https:\/\/woprzyrardow.pl\/index.php?rest_route=\/wp\/v2\/pages\/15\/revisions\/1186"}],"up":[{"embeddable":true,"href":"https:\/\/woprzyrardow.pl\/index.php?rest_route=\/wp\/v2\/pages\/12"}],"wp:attachment":[{"href":"https:\/\/woprzyrardow.pl\/index.php?rest_route=%2Fwp%2Fv2%2Fmedia&parent=15"}],"curies":[{"name":"wp","href":"https:\/\/api.w.org\/{rel}","templated":true}]}}