{"id":2,"date":"2024-06-27T22:58:30","date_gmt":"2024-06-27T20:58:30","guid":{"rendered":"http:\/\/woprzyrardow.pl\/?page_id=2"},"modified":"2025-06-04T11:48:07","modified_gmt":"2025-06-04T09:48:07","slug":"przykladowa-strona","status":"publish","type":"page","link":"https:\/\/woprzyrardow.pl\/?page_id=2","title":{"rendered":"REKINY"},"content":{"rendered":"\n<figure class=\"wp-block-image aligncenter size-full is-resized is-style-rounded\"><img fetchpriority=\"high\" decoding=\"async\" width=\"500\" height=\"500\" src=\"https:\/\/woprzyrardow.pl\/wp-content\/uploads\/2024\/06\/image1-1.png\" alt=\"\" class=\"wp-image-713\" style=\"width:154px;height:auto\" srcset=\"https:\/\/woprzyrardow.pl\/wp-content\/uploads\/2024\/06\/image1-1.png 500w, https:\/\/woprzyrardow.pl\/wp-content\/uploads\/2024\/06\/image1-1-300x300.png 300w, https:\/\/woprzyrardow.pl\/wp-content\/uploads\/2024\/06\/image1-1-150x150.png 150w\" sizes=\"(max-width: 500px) 100vw, 500px\" \/><\/figure>\n\n\n\n<p class=\"has-text-align-center\"><strong>odwied\u017a nasze socialmedia<\/strong> <\/p>\n\n\n\n<div class=\"wp-block-columns alignwide are-vertically-aligned-center is-layout-flex wp-container-core-columns-is-layout-28f84493 wp-block-columns-is-layout-flex\">\n<div class=\"wp-block-column is-vertically-aligned-center has-primary-color has-text-color has-link-color wp-elements-5fe84cbe9a1c47236ae9548e6d379ab3 is-layout-flow wp-block-column-is-layout-flow\">\n<div class=\"wp-block-group has-global-padding is-layout-constrained wp-block-group-is-layout-constrained\">\n<div class=\"wp-block-buttons is-content-justification-center is-layout-flex wp-container-core-buttons-is-layout-a89b3969 wp-block-buttons-is-layout-flex\">\n<div class=\"wp-block-button\"><a class=\"wp-block-button__link has-primary-color has-text-color has-background has-link-color wp-element-button\" href=\"https:\/\/www.instagram.com\/rekiny_zyrardow\/\" style=\"background-color:#ee7ef9\"><strong>instagram<\/strong> <\/a><\/div>\n\n\n\n<div class=\"wp-block-button\"><a class=\"wp-block-button__link has-background wp-element-button\" href=\"https:\/\/www.tiktok.com\/@rekiny.zyrardow?is_from_webapp=1&amp;sender_device=pc\" style=\"background-color:#4305ff\"><strong>tiktok<\/strong> <\/a><\/div>\n<\/div>\n<\/div>\n<\/div>\n<\/div>\n\n\n\n<p>grupa licz\u0105ca ponad 20 m\u0142odych zdolnych os\u00f3b , kt\u00f3re s\u0105 zakochane w p\u0142ywaniu i ratownictwie.<\/p>\n\n\n\n<p>M\u0142odzie\u017c uczestniczy w zawodach i z dum\u0105 reprezentuje \u017byrardowskie Powiatowe WOPR.<\/p>\n\n\n\n<p class=\"has-x-small-font-size\"><strong>Trenerzy i instruktorzy sekcji sportowo-ratowniczej<\/strong> <\/p>\n\n\n\n<p class=\"has-x-small-font-size\">Julia Rogozi\u0144ska trener kl.II -795801595<\/p>\n\n\n\n<p class=\"has-x-small-font-size\">Olga Rogozi\u0144ska &#8211; 795801593<\/p>\n\n\n\n<p class=\"has-x-small-font-size\"><strong>Koordynatorzy<\/strong> <\/p>\n\n\n\n<p class=\"has-x-small-font-size\">Mariusz Rogozi\u0144ski &#8211; 606801595<\/p>\n\n\n\n<p><\/p>\n\n\n\n<figure class=\"wp-block-gallery has-nested-images columns-default is-cropped wp-block-gallery-1 is-layout-flex wp-block-gallery-is-layout-flex\"><\/figure>\n\n\n\n<p><\/p>\n\n\n\n<figure class=\"wp-block-gallery has-nested-images columns-default is-cropped wp-block-gallery-2 is-layout-flex wp-block-gallery-is-layout-flex\"><\/figure>\n\n\n\n<h2 class=\"wp-block-heading\"><\/h2>\n\n\n\n<figure class=\"wp-block-gallery has-nested-images columns-default is-cropped wp-block-gallery-3 is-layout-flex wp-block-gallery-is-layout-flex\"><\/figure>\n\n\n\n<p><\/p>\n\n\n\n<h2 class=\"wp-block-heading\"><\/h2>\n\n\n\n<p>15 kwietnia 2023 <\/p>\n\n\n\n<figure class=\"wp-block-gallery has-nested-images columns-default is-cropped wp-block-gallery-4 is-layout-flex wp-block-gallery-is-layout-flex\"><\/figure>\n\n\n\n<p><br><br><\/p>\n\n\n\n<h2 class=\"wp-block-heading\"><\/h2>\n\n\n\n<figure class=\"wp-block-gallery has-nested-images columns-default is-cropped wp-block-gallery-5 is-layout-flex wp-block-gallery-is-layout-flex\"><\/figure>\n\n\n\n<p><\/p>\n\n\n\n<p><\/p>\n\n\n\n<div class=\"wp-block-columns is-layout-flex wp-container-core-columns-is-layout-28f84493 wp-block-columns-is-layout-flex\">\n<div class=\"wp-block-column is-layout-flow wp-block-column-is-layout-flow\">\n<figure class=\"wp-block-gallery has-nested-images columns-default is-cropped wp-block-gallery-6 is-layout-flex wp-block-gallery-is-layout-flex\"><\/figure>\n<\/div>\n\n\n\n<div class=\"wp-block-column is-layout-flow wp-block-column-is-layout-flow\"><\/div>\n\n\n\n<div class=\"wp-block-column is-layout-flow wp-block-column-is-layout-flow\"><\/div>\n<\/div>\n\n\n\n<p><\/p>\n\n\n\n<p><br><\/p>\n\n\n\n<div class=\"wp-block-columns is-layout-flex wp-container-core-columns-is-layout-28f84493 wp-block-columns-is-layout-flex\">\n<div class=\"wp-block-column is-layout-flow wp-block-column-is-layout-flow\">\n<figure class=\"wp-block-gallery has-nested-images columns-default is-cropped wp-block-gallery-7 is-layout-flex wp-block-gallery-is-layout-flex\"><\/figure>\n<\/div>\n\n\n\n<div class=\"wp-block-column is-layout-flow wp-block-column-is-layout-flow\">\n<figure class=\"wp-block-gallery has-nested-images columns-default is-cropped wp-block-gallery-8 is-layout-flex wp-block-gallery-is-layout-flex\"><\/figure>\n<\/div>\n\n\n\n<div class=\"wp-block-column is-layout-flow wp-block-column-is-layout-flow\"><\/div>\n<\/div>\n\n\n\n<p><\/p>\n","protected":false},"excerpt":{"rendered":"<p>odwied\u017a nasze socialmedia grupa licz\u0105ca ponad 20 m\u0142odych zdolnych os\u00f3b , kt\u00f3re s\u0105 zakochane w p\u0142ywaniu i ratownictwie. M\u0142odzie\u017c uczestniczy w zawodach i z dum\u0105 reprezentuje \u017byrardowskie Powiatowe WOPR. Trenerzy i instruktorzy sekcji sportowo-ratowniczej Julia Rogozi\u0144ska trener kl.II -795801595 Olga Rogozi\u0144ska &#8211; 795801593 Koordynatorzy Mariusz Rogozi\u0144ski &#8211; 606801595 15 kwietnia 2023<\/p>\n","protected":false},"author":2,"featured_media":0,"parent":0,"menu_order":0,"comment_status":"closed","ping_status":"open","template":"","meta":{"footnotes":""},"class_list":["post-2","page","type-page","status-publish","hentry"],"yoast_head":"<!-- This site is optimized with the Yoast SEO plugin v25.7 - https:\/\/yoast.com\/wordpress\/plugins\/seo\/ -->\n<title>REKINY - WOPR \u017cyrard\u00f3w<\/title>\n<meta name=\"robots\" content=\"index, follow, max-snippet:-1, max-image-preview:large, max-video-preview:-1\" \/>\n<link rel=\"canonical\" href=\"https:\/\/woprzyrardow.pl\/?page_id=2\" \/>\n<meta property=\"og:locale\" content=\"pl_PL\" \/>\n<meta property=\"og:type\" content=\"article\" \/>\n<meta property=\"og:title\" content=\"REKINY - WOPR \u017cyrard\u00f3w\" \/>\n<meta property=\"og:description\" content=\"odwied\u017a nasze socialmedia grupa licz\u0105ca ponad 20 m\u0142odych zdolnych os\u00f3b , kt\u00f3re s\u0105 zakochane w p\u0142ywaniu i ratownictwie. M\u0142odzie\u017c uczestniczy w zawodach i z dum\u0105 reprezentuje \u017byrardowskie Powiatowe WOPR. Trenerzy i instruktorzy sekcji sportowo-ratowniczej Julia Rogozi\u0144ska trener kl.II -795801595 Olga Rogozi\u0144ska &#8211; 795801593 Koordynatorzy Mariusz Rogozi\u0144ski &#8211; 606801595 15 kwietnia 2023\" \/>\n<meta property=\"og:url\" content=\"https:\/\/woprzyrardow.pl\/?page_id=2\" \/>\n<meta property=\"og:site_name\" content=\"WOPR \u017cyrard\u00f3w\" \/>\n<meta property=\"article:modified_time\" content=\"2025-06-04T09:48:07+00:00\" \/>\n<meta property=\"og:image\" content=\"https:\/\/woprzyrardow.pl\/wp-content\/uploads\/2024\/06\/image1-1.png\" \/>\n\t<meta property=\"og:image:width\" content=\"500\" \/>\n\t<meta property=\"og:image:height\" content=\"500\" \/>\n\t<meta property=\"og:image:type\" content=\"image\/png\" \/>\n<meta name=\"twitter:card\" content=\"summary_large_image\" \/>\n<meta name=\"twitter:label1\" content=\"Szacowany czas czytania\" \/>\n\t<meta name=\"twitter:data1\" content=\"1 minuta\" \/>\n<script type=\"application\/ld+json\" class=\"yoast-schema-graph\">{\"@context\":\"https:\/\/schema.org\",\"@graph\":[{\"@type\":\"WebPage\",\"@id\":\"https:\/\/woprzyrardow.pl\/?page_id=2\",\"url\":\"https:\/\/woprzyrardow.pl\/?page_id=2\",\"name\":\"REKINY - WOPR \u017cyrard\u00f3w\",\"isPartOf\":{\"@id\":\"https:\/\/woprzyrardow.pl\/#website\"},\"primaryImageOfPage\":{\"@id\":\"https:\/\/woprzyrardow.pl\/?page_id=2#primaryimage\"},\"image\":{\"@id\":\"https:\/\/woprzyrardow.pl\/?page_id=2#primaryimage\"},\"thumbnailUrl\":\"https:\/\/woprzyrardow.pl\/wp-content\/uploads\/2024\/06\/image1-1.png\",\"datePublished\":\"2024-06-27T20:58:30+00:00\",\"dateModified\":\"2025-06-04T09:48:07+00:00\",\"breadcrumb\":{\"@id\":\"https:\/\/woprzyrardow.pl\/?page_id=2#breadcrumb\"},\"inLanguage\":\"pl-PL\",\"potentialAction\":[{\"@type\":\"ReadAction\",\"target\":[\"https:\/\/woprzyrardow.pl\/?page_id=2\"]}]},{\"@type\":\"ImageObject\",\"inLanguage\":\"pl-PL\",\"@id\":\"https:\/\/woprzyrardow.pl\/?page_id=2#primaryimage\",\"url\":\"https:\/\/woprzyrardow.pl\/wp-content\/uploads\/2024\/06\/image1-1.png\",\"contentUrl\":\"https:\/\/woprzyrardow.pl\/wp-content\/uploads\/2024\/06\/image1-1.png\",\"width\":500,\"height\":500,\"caption\":\"image1 1\"},{\"@type\":\"BreadcrumbList\",\"@id\":\"https:\/\/woprzyrardow.pl\/?page_id=2#breadcrumb\",\"itemListElement\":[{\"@type\":\"ListItem\",\"position\":1,\"name\":\"Home\",\"item\":\"https:\/\/woprzyrardow.pl\/\"},{\"@type\":\"ListItem\",\"position\":2,\"name\":\"REKINY\"}]},{\"@type\":\"WebSite\",\"@id\":\"https:\/\/woprzyrardow.pl\/#website\",\"url\":\"https:\/\/woprzyrardow.pl\/\",\"name\":\"WOPR \u017cyrard\u00f3w\",\"description\":\"WOPR \u017cyrard\u00f3w\",\"publisher\":{\"@id\":\"https:\/\/woprzyrardow.pl\/#organization\"},\"inLanguage\":\"pl-PL\"},{\"@type\":\"Organization\",\"@id\":\"https:\/\/woprzyrardow.pl\/#organization\",\"name\":\"WOPR \u017cyrard\u00f3w\",\"url\":\"https:\/\/woprzyrardow.pl\/\",\"logo\":{\"@type\":\"ImageObject\",\"inLanguage\":\"pl-PL\",\"@id\":\"https:\/\/woprzyrardow.pl\/#\/schema\/logo\/image\/\",\"url\":\"https:\/\/woprzyrardow.pl\/wp-content\/uploads\/2022\/09\/LOGO.png\",\"contentUrl\":\"https:\/\/woprzyrardow.pl\/wp-content\/uploads\/2022\/09\/LOGO.png\",\"width\":901,\"height\":901,\"caption\":\"WOPR \u017cyrard\u00f3w\"},\"image\":{\"@id\":\"https:\/\/woprzyrardow.pl\/#\/schema\/logo\/image\/\"}}]}<\/script>\n<!-- \/ Yoast SEO plugin. -->","yoast_head_json":{"title":"REKINY - WOPR \u017cyrard\u00f3w","robots":{"index":"index","follow":"follow","max-snippet":"max-snippet:-1","max-image-preview":"max-image-preview:large","max-video-preview":"max-video-preview:-1"},"canonical":"https:\/\/woprzyrardow.pl\/?page_id=2","og_locale":"pl_PL","og_type":"article","og_title":"REKINY - WOPR \u017cyrard\u00f3w","og_description":"odwied\u017a nasze socialmedia grupa licz\u0105ca ponad 20 m\u0142odych zdolnych os\u00f3b , kt\u00f3re s\u0105 zakochane w p\u0142ywaniu i ratownictwie. M\u0142odzie\u017c uczestniczy w zawodach i z dum\u0105 reprezentuje \u017byrardowskie Powiatowe WOPR. Trenerzy i instruktorzy sekcji sportowo-ratowniczej Julia Rogozi\u0144ska trener kl.II -795801595 Olga Rogozi\u0144ska &#8211; 795801593 Koordynatorzy Mariusz Rogozi\u0144ski &#8211; 606801595 15 kwietnia 2023","og_url":"https:\/\/woprzyrardow.pl\/?page_id=2","og_site_name":"WOPR \u017cyrard\u00f3w","article_modified_time":"2025-06-04T09:48:07+00:00","og_image":[{"width":500,"height":500,"url":"https:\/\/woprzyrardow.pl\/wp-content\/uploads\/2024\/06\/image1-1.png","type":"image\/png"}],"twitter_card":"summary_large_image","twitter_misc":{"Szacowany czas czytania":"1 minuta"},"schema":{"@context":"https:\/\/schema.org","@graph":[{"@type":"WebPage","@id":"https:\/\/woprzyrardow.pl\/?page_id=2","url":"https:\/\/woprzyrardow.pl\/?page_id=2","name":"REKINY - WOPR \u017cyrard\u00f3w","isPartOf":{"@id":"https:\/\/woprzyrardow.pl\/#website"},"primaryImageOfPage":{"@id":"https:\/\/woprzyrardow.pl\/?page_id=2#primaryimage"},"image":{"@id":"https:\/\/woprzyrardow.pl\/?page_id=2#primaryimage"},"thumbnailUrl":"https:\/\/woprzyrardow.pl\/wp-content\/uploads\/2024\/06\/image1-1.png","datePublished":"2024-06-27T20:58:30+00:00","dateModified":"2025-06-04T09:48:07+00:00","breadcrumb":{"@id":"https:\/\/woprzyrardow.pl\/?page_id=2#breadcrumb"},"inLanguage":"pl-PL","potentialAction":[{"@type":"ReadAction","target":["https:\/\/woprzyrardow.pl\/?page_id=2"]}]},{"@type":"ImageObject","inLanguage":"pl-PL","@id":"https:\/\/woprzyrardow.pl\/?page_id=2#primaryimage","url":"https:\/\/woprzyrardow.pl\/wp-content\/uploads\/2024\/06\/image1-1.png","contentUrl":"https:\/\/woprzyrardow.pl\/wp-content\/uploads\/2024\/06\/image1-1.png","width":500,"height":500,"caption":"image1 1"},{"@type":"BreadcrumbList","@id":"https:\/\/woprzyrardow.pl\/?page_id=2#breadcrumb","itemListElement":[{"@type":"ListItem","position":1,"name":"Home","item":"https:\/\/woprzyrardow.pl\/"},{"@type":"ListItem","position":2,"name":"REKINY"}]},{"@type":"WebSite","@id":"https:\/\/woprzyrardow.pl\/#website","url":"https:\/\/woprzyrardow.pl\/","name":"WOPR \u017cyrard\u00f3w","description":"WOPR \u017cyrard\u00f3w","publisher":{"@id":"https:\/\/woprzyrardow.pl\/#organization"},"inLanguage":"pl-PL"},{"@type":"Organization","@id":"https:\/\/woprzyrardow.pl\/#organization","name":"WOPR \u017cyrard\u00f3w","url":"https:\/\/woprzyrardow.pl\/","logo":{"@type":"ImageObject","inLanguage":"pl-PL","@id":"https:\/\/woprzyrardow.pl\/#\/schema\/logo\/image\/","url":"https:\/\/woprzyrardow.pl\/wp-content\/uploads\/2022\/09\/LOGO.png","contentUrl":"https:\/\/woprzyrardow.pl\/wp-content\/uploads\/2022\/09\/LOGO.png","width":901,"height":901,"caption":"WOPR \u017cyrard\u00f3w"},"image":{"@id":"https:\/\/woprzyrardow.pl\/#\/schema\/logo\/image\/"}}]}},"featured_media_urls":[],"_links":{"self":[{"href":"https:\/\/woprzyrardow.pl\/index.php?rest_route=\/wp\/v2\/pages\/2","targetHints":{"allow":["GET"]}}],"collection":[{"href":"https:\/\/woprzyrardow.pl\/index.php?rest_route=\/wp\/v2\/pages"}],"about":[{"href":"https:\/\/woprzyrardow.pl\/index.php?rest_route=\/wp\/v2\/types\/page"}],"author":[{"embeddable":true,"href":"https:\/\/woprzyrardow.pl\/index.php?rest_route=\/wp\/v2\/users\/2"}],"replies":[{"embeddable":true,"href":"https:\/\/woprzyrardow.pl\/index.php?rest_route=%2Fwp%2Fv2%2Fcomments&post=2"}],"version-history":[{"count":20,"href":"https:\/\/woprzyrardow.pl\/index.php?rest_route=\/wp\/v2\/pages\/2\/revisions"}],"predecessor-version":[{"id":1327,"href":"https:\/\/woprzyrardow.pl\/index.php?rest_route=\/wp\/v2\/pages\/2\/revisions\/1327"}],"wp:attachment":[{"href":"https:\/\/woprzyrardow.pl\/index.php?rest_route=%2Fwp%2Fv2%2Fmedia&parent=2"}],"curies":[{"name":"wp","href":"https:\/\/api.w.org\/{rel}","templated":true}]}}