{"id":803,"date":"2024-09-09T14:45:17","date_gmt":"2024-09-09T12:45:17","guid":{"rendered":"https:\/\/woprzyrardow.pl\/?page_id=803"},"modified":"2025-06-04T09:12:58","modified_gmt":"2025-06-04T07:12:58","slug":"zapisy-na-zajecia","status":"publish","type":"page","link":"https:\/\/woprzyrardow.pl\/?page_id=803","title":{"rendered":"zapisy na zaj\u0119cia"},"content":{"rendered":"\n<p><\/p>\n\n\n\n<p class=\"has-text-align-center has-large-font-size\"><strong>zaj\u0119cia grupowe<\/strong><\/p>\n\n\n\n<div class='activenow-form-container activenow-form-124777-container'><center><img src='https:\/\/www.activenow.io\/assets\/ripple.gif' width='100px'\/><\/center><script async src='https:\/\/app.activenow.io\/external\/signup_form\/load_by_js?city_id=&#038;code=wtTUnjkMT4OEtBbF&#038;proficiency_id=&#038;school_id=12964&#038;signup_form_id=124777&#038;venue_id=&#038;zz='><\/script><\/div>\n\n\n\n<p><\/p>\n\n\n\n<p class=\"has-text-align-center has-large-font-size\"><\/p>\n\n\n\n<p><\/p>\n","protected":false},"excerpt":{"rendered":"<p>zaj\u0119cia grupowe<\/p>\n","protected":false},"author":5,"featured_media":0,"parent":0,"menu_order":0,"comment_status":"closed","ping_status":"closed","template":"","meta":{"footnotes":""},"class_list":["post-803","page","type-page","status-publish","hentry"],"yoast_head":"<!-- This site is optimized with the Yoast SEO plugin v25.7 - https:\/\/yoast.com\/wordpress\/plugins\/seo\/ -->\n<title>zapisy na zaj\u0119cia - WOPR \u017cyrard\u00f3w<\/title>\n<meta name=\"robots\" content=\"index, follow, max-snippet:-1, max-image-preview:large, max-video-preview:-1\" \/>\n<link rel=\"canonical\" href=\"https:\/\/woprzyrardow.pl\/?page_id=803\" \/>\n<meta property=\"og:locale\" content=\"pl_PL\" \/>\n<meta property=\"og:type\" content=\"article\" \/>\n<meta property=\"og:title\" content=\"zapisy na zaj\u0119cia - WOPR \u017cyrard\u00f3w\" \/>\n<meta property=\"og:description\" content=\"zaj\u0119cia grupowe\" \/>\n<meta property=\"og:url\" content=\"https:\/\/woprzyrardow.pl\/?page_id=803\" \/>\n<meta property=\"og:site_name\" content=\"WOPR \u017cyrard\u00f3w\" \/>\n<meta property=\"article:modified_time\" content=\"2025-06-04T07:12:58+00:00\" \/>\n<meta property=\"og:image\" content=\"https:\/\/www.activenow.io\/assets\/ripple.gif\" \/>\n<meta name=\"twitter:card\" content=\"summary_large_image\" \/>\n<meta name=\"twitter:label1\" content=\"Szacowany czas czytania\" \/>\n\t<meta name=\"twitter:data1\" content=\"1 minuta\" \/>\n<script type=\"application\/ld+json\" class=\"yoast-schema-graph\">{\"@context\":\"https:\/\/schema.org\",\"@graph\":[{\"@type\":\"WebPage\",\"@id\":\"https:\/\/woprzyrardow.pl\/?page_id=803\",\"url\":\"https:\/\/woprzyrardow.pl\/?page_id=803\",\"name\":\"zapisy na zaj\u0119cia - WOPR \u017cyrard\u00f3w\",\"isPartOf\":{\"@id\":\"https:\/\/woprzyrardow.pl\/#website\"},\"primaryImageOfPage\":{\"@id\":\"https:\/\/woprzyrardow.pl\/?page_id=803#primaryimage\"},\"image\":{\"@id\":\"https:\/\/woprzyrardow.pl\/?page_id=803#primaryimage\"},\"thumbnailUrl\":\"https:\/\/www.activenow.io\/assets\/ripple.gif\",\"datePublished\":\"2024-09-09T12:45:17+00:00\",\"dateModified\":\"2025-06-04T07:12:58+00:00\",\"breadcrumb\":{\"@id\":\"https:\/\/woprzyrardow.pl\/?page_id=803#breadcrumb\"},\"inLanguage\":\"pl-PL\",\"potentialAction\":[{\"@type\":\"ReadAction\",\"target\":[\"https:\/\/woprzyrardow.pl\/?page_id=803\"]}]},{\"@type\":\"ImageObject\",\"inLanguage\":\"pl-PL\",\"@id\":\"https:\/\/woprzyrardow.pl\/?page_id=803#primaryimage\",\"url\":\"https:\/\/www.activenow.io\/assets\/ripple.gif\",\"contentUrl\":\"https:\/\/www.activenow.io\/assets\/ripple.gif\"},{\"@type\":\"BreadcrumbList\",\"@id\":\"https:\/\/woprzyrardow.pl\/?page_id=803#breadcrumb\",\"itemListElement\":[{\"@type\":\"ListItem\",\"position\":1,\"name\":\"Home\",\"item\":\"https:\/\/woprzyrardow.pl\/\"},{\"@type\":\"ListItem\",\"position\":2,\"name\":\"zapisy na zaj\u0119cia\"}]},{\"@type\":\"WebSite\",\"@id\":\"https:\/\/woprzyrardow.pl\/#website\",\"url\":\"https:\/\/woprzyrardow.pl\/\",\"name\":\"WOPR \u017cyrard\u00f3w\",\"description\":\"WOPR \u017cyrard\u00f3w\",\"publisher\":{\"@id\":\"https:\/\/woprzyrardow.pl\/#organization\"},\"inLanguage\":\"pl-PL\"},{\"@type\":\"Organization\",\"@id\":\"https:\/\/woprzyrardow.pl\/#organization\",\"name\":\"WOPR \u017cyrard\u00f3w\",\"url\":\"https:\/\/woprzyrardow.pl\/\",\"logo\":{\"@type\":\"ImageObject\",\"inLanguage\":\"pl-PL\",\"@id\":\"https:\/\/woprzyrardow.pl\/#\/schema\/logo\/image\/\",\"url\":\"https:\/\/woprzyrardow.pl\/wp-content\/uploads\/2022\/09\/LOGO.png\",\"contentUrl\":\"https:\/\/woprzyrardow.pl\/wp-content\/uploads\/2022\/09\/LOGO.png\",\"width\":901,\"height\":901,\"caption\":\"WOPR \u017cyrard\u00f3w\"},\"image\":{\"@id\":\"https:\/\/woprzyrardow.pl\/#\/schema\/logo\/image\/\"}}]}<\/script>\n<!-- \/ Yoast SEO plugin. -->","yoast_head_json":{"title":"zapisy na zaj\u0119cia - WOPR \u017cyrard\u00f3w","robots":{"index":"index","follow":"follow","max-snippet":"max-snippet:-1","max-image-preview":"max-image-preview:large","max-video-preview":"max-video-preview:-1"},"canonical":"https:\/\/woprzyrardow.pl\/?page_id=803","og_locale":"pl_PL","og_type":"article","og_title":"zapisy na zaj\u0119cia - WOPR \u017cyrard\u00f3w","og_description":"zaj\u0119cia grupowe","og_url":"https:\/\/woprzyrardow.pl\/?page_id=803","og_site_name":"WOPR \u017cyrard\u00f3w","article_modified_time":"2025-06-04T07:12:58+00:00","og_image":[{"url":"https:\/\/www.activenow.io\/assets\/ripple.gif","type":"","width":"","height":""}],"twitter_card":"summary_large_image","twitter_misc":{"Szacowany czas czytania":"1 minuta"},"schema":{"@context":"https:\/\/schema.org","@graph":[{"@type":"WebPage","@id":"https:\/\/woprzyrardow.pl\/?page_id=803","url":"https:\/\/woprzyrardow.pl\/?page_id=803","name":"zapisy na zaj\u0119cia - WOPR \u017cyrard\u00f3w","isPartOf":{"@id":"https:\/\/woprzyrardow.pl\/#website"},"primaryImageOfPage":{"@id":"https:\/\/woprzyrardow.pl\/?page_id=803#primaryimage"},"image":{"@id":"https:\/\/woprzyrardow.pl\/?page_id=803#primaryimage"},"thumbnailUrl":"https:\/\/www.activenow.io\/assets\/ripple.gif","datePublished":"2024-09-09T12:45:17+00:00","dateModified":"2025-06-04T07:12:58+00:00","breadcrumb":{"@id":"https:\/\/woprzyrardow.pl\/?page_id=803#breadcrumb"},"inLanguage":"pl-PL","potentialAction":[{"@type":"ReadAction","target":["https:\/\/woprzyrardow.pl\/?page_id=803"]}]},{"@type":"ImageObject","inLanguage":"pl-PL","@id":"https:\/\/woprzyrardow.pl\/?page_id=803#primaryimage","url":"https:\/\/www.activenow.io\/assets\/ripple.gif","contentUrl":"https:\/\/www.activenow.io\/assets\/ripple.gif"},{"@type":"BreadcrumbList","@id":"https:\/\/woprzyrardow.pl\/?page_id=803#breadcrumb","itemListElement":[{"@type":"ListItem","position":1,"name":"Home","item":"https:\/\/woprzyrardow.pl\/"},{"@type":"ListItem","position":2,"name":"zapisy na zaj\u0119cia"}]},{"@type":"WebSite","@id":"https:\/\/woprzyrardow.pl\/#website","url":"https:\/\/woprzyrardow.pl\/","name":"WOPR \u017cyrard\u00f3w","description":"WOPR \u017cyrard\u00f3w","publisher":{"@id":"https:\/\/woprzyrardow.pl\/#organization"},"inLanguage":"pl-PL"},{"@type":"Organization","@id":"https:\/\/woprzyrardow.pl\/#organization","name":"WOPR \u017cyrard\u00f3w","url":"https:\/\/woprzyrardow.pl\/","logo":{"@type":"ImageObject","inLanguage":"pl-PL","@id":"https:\/\/woprzyrardow.pl\/#\/schema\/logo\/image\/","url":"https:\/\/woprzyrardow.pl\/wp-content\/uploads\/2022\/09\/LOGO.png","contentUrl":"https:\/\/woprzyrardow.pl\/wp-content\/uploads\/2022\/09\/LOGO.png","width":901,"height":901,"caption":"WOPR \u017cyrard\u00f3w"},"image":{"@id":"https:\/\/woprzyrardow.pl\/#\/schema\/logo\/image\/"}}]}},"featured_media_urls":[],"_links":{"self":[{"href":"https:\/\/woprzyrardow.pl\/index.php?rest_route=\/wp\/v2\/pages\/803","targetHints":{"allow":["GET"]}}],"collection":[{"href":"https:\/\/woprzyrardow.pl\/index.php?rest_route=\/wp\/v2\/pages"}],"about":[{"href":"https:\/\/woprzyrardow.pl\/index.php?rest_route=\/wp\/v2\/types\/page"}],"author":[{"embeddable":true,"href":"https:\/\/woprzyrardow.pl\/index.php?rest_route=\/wp\/v2\/users\/5"}],"replies":[{"embeddable":true,"href":"https:\/\/woprzyrardow.pl\/index.php?rest_route=%2Fwp%2Fv2%2Fcomments&post=803"}],"version-history":[{"count":4,"href":"https:\/\/woprzyrardow.pl\/index.php?rest_route=\/wp\/v2\/pages\/803\/revisions"}],"predecessor-version":[{"id":811,"href":"https:\/\/woprzyrardow.pl\/index.php?rest_route=\/wp\/v2\/pages\/803\/revisions\/811"}],"wp:attachment":[{"href":"https:\/\/woprzyrardow.pl\/index.php?rest_route=%2Fwp%2Fv2%2Fmedia&parent=803"}],"curies":[{"name":"wp","href":"https:\/\/api.w.org\/{rel}","templated":true}]}}